te the greatest common divisor of d and b.
1
Suppose 10 = 5*j, 149 + 518 = 5*t - 4*j. Suppose 3*f + 2*f + 2*v = t, 2*f - 75 = -5*v. Calculate the highest common divisor of f and 50.
25
Suppose k + 100 = 3*k. Let p(j) = -j**2 + 8*j + 5. Let f be ((-10)/(-8))/((-1)/(-4)). Let x be p(f). What is the highest common divisor of x and k?
10
Let l be 6/21 - (-104)/28. Calculate the greatest common factor of l and 4.
4
Let u = 32 + -12. Let i(h) = 2*h**3 - 2*h**2 - 3*h + 3. Let f be i(3). What is the highest common factor of f and u?
10
Suppose -t + 9 - 3 = 0. Let b be t/(-15) + (-62)/(-5). Calculate the highest common divisor of b and 3.
3
Suppose -u + 41 = -3*b, 0 = 2*b + u - 1 + 25. Let h = 25 - b. What is the greatest common divisor of 57 and h?
19
Let d = -13 - -18. Suppose 0 = -d*s + 5*j + 645, -s = -0*s + 3*j - 125. Suppose 2*a = -2*a + s. Calculate the greatest common factor of 4 and a.
4
Let l(o) = -o**3 + o**2 - 4*o + 4. Let d be l(-4). Suppose 7 = w - 3. What is the highest common divisor of w and d?
10
Let q(d) be the first derivative of d**3 + d**2/2 - 2*d + 1. Suppose 5*z = -7 + 17. Let a be q(z). What is the greatest common factor of a and 12?
12
Let o(l) = l**2 + l + 3. Suppose -3*w + 20 = w. Let t = w - 8. Let j be o(t). What is the greatest common factor of 27 and j?
9
Let q(o) be the first derivative of o**2/2 + 30*o + 6. Let p be q(-13). Suppose 117 = 3*l + 15. What is the greatest common factor of p and l?
17
Let x be -1 - -58 - (3 + -1). Let c = 33 - -3. Suppose -3 = 3*k - 9, -4*s = -4*k - c. Calculate the greatest common factor of s and x.
11
Suppose -5*h + 3*b + 16 = 0, -3*h - 1 = -b - 9. Suppose 0 = h*r - 33 - 93. Calculate the greatest common divisor of r and 9.
9
Let a = 72 - 39. Calculate the greatest common divisor of 66 and a.
33
Let c(z) = 3*z - 33. Let m be c(15). What is the greatest common divisor of m and 156?
12
Suppose 0 = 2*o + o - 357. Suppose 0 = 3*a + 5 - 14. Suppose 2*c + 67 = a*n - 2*c, -20 = 5*c. Calculate the highest common divisor of n and o.
17
Suppose 5*j - 340 = -4*w, 4*w + 2*j - 2 = 338. Calculate the highest common factor of 34 and w.
17
Let j = -59 + 69. What is the highest common factor of j and 40?
10
Let b = 5 + -2. Suppose 6*d = -h + d + 235, 961 = 4*h - d. Suppose h = b*l - l. Calculate the greatest common divisor of l and 20.
20
Suppose 3*b - 153 = -3*c, 3*c + b = 6*b + 193. Calculate the greatest common divisor of 8 and c.
8
Let s be 4/(-18) - 58/(-18). Suppose 2*g + 3*x = 59, s*g + 2*x - 80 = 6*x. Let a = -4 + 11. Calculate the highest common divisor of a and g.
7
Suppose -d + 96 = -5*k, 5*d - k + 6*k - 480 = 0. Calculate the greatest common divisor of 16 and d.
16
Let l be (-1)/((-8)/20)*2. Suppose 0 = -l*a + 42 + 23. Calculate the greatest common factor of 143 and a.
13
Let j = -174 - -124. Suppose 5*w = 4*w + 71. Let v = j + w. Calculate the highest common divisor of v and 147.
21
Let q = 9 + -6. Suppose 3*c - 3*v - 44 = c, -q*v - 19 = -c. Let s be 4*2 + (-4 - -1). Calculate the greatest common divisor of s and c.
5
Suppose 3*x = -4*k + 88, 42 = x + 5*k + 9. Suppose 0 = -4*i + 2*i + 14. Calculate the highest common factor of x and i.
7
Let j = 18 - 7. Let l = 9 - -35. Calculate the highest common factor of j and l.
11
Let r be 56 - (-3 - (5 + -4)). What is the highest common factor of r and 10?
10
Suppose -4*w - 2 = 2. Let a be (1 + -1)/(w + 2). Suppose 0 = 3*t - 3*d - 18, a = 4*t + 2*d - 0*d - 54. Calculate the highest common factor of t and 88.
11
Suppose -2*i - 19 = -o, 2*i + 37 = -3*o - 2. Let h be 15/(-4)*224/i. What is the greatest common divisor of 28 and h?
14
Let y = 112 - 56. What is the highest common divisor of y and 7?
7
Let j be 2*(-2 + (-11)/(-2)). Suppose o = -3*o + 28. Calculate the greatest common factor of j and o.
7
Let u be (8/10)/(3258/405 + -8). Let x(o) = o + 1. Let q be x(3). Suppose q*r - 128 = 160. What is the greatest common factor of r and u?
18
Suppose 26 = 5*f + 16. Calculate the highest common factor of f and 10.
2
Let v be 13 - 12 - (2*-1 - 16). What is the greatest common divisor of v and 171?
19
Suppose 47 = 4*n - 2*k - 3*k, -4 = n + 4*k. Suppose 0 = 4*q, d + 4*q + 30 + 9 = 0. Let v = d - -79. What is the highest common divisor of n and v?
8
Let i = 20 + 22. Let w = i - 25. Let g = 135 + -16. What is the greatest common divisor of w and g?
17
Let l = 153 - -23. Suppose j + 84 = 3*y - 22, 5*y = 2*j + l. Let w(m) = 5*m**2 + m + 2. Let p be w(2). What is the greatest common divisor of y and p?
12
Suppose -3*j + 3*x + 251 = -76, x = -3*j + 331. What is the greatest common divisor of j and 11?
11
Let g(r) = -r - 2. Let c be g(-4). Suppose 0 = 5*m + 2*x - 140, c*m + m + 5*x = 84. What is the greatest common divisor of m and 14?
14
Suppose -5*x + 2*c - 4*c = -276, -4*x - 5*c + 214 = 0. Suppose 4*u = -h - 6, 0*h = -5*h + 3*u + 85. What is the greatest common divisor of h and x?
14
Let p(k) = 3 + 11 - k + 1 + k**2. Let a be 14/(-49) - ((-18)/21)/3. Let t be p(a). Calculate the greatest common factor of 15 and t.
15
Let q(l) = 7*l**2 + 5*l + 2. Suppose -6 = 3*a + 3. Let c be q(a). Calculate the greatest common divisor of 10 and c.
10
Suppose -445 = -5*n - p, 0 = -3*n + p + 4*p + 295. What is the greatest common factor of 18 and n?
18
Let z(j) = 8*j**2 - 9. Let b be z(-3). What is the highest common factor of b and 9?
9
Suppose 3*q + 8 = n, 5 + 11 = 5*n - 3*q. Let o be 2 + (n - -41 - 1). Suppose -26 = -2*m - 4. What is the highest common factor of m and o?
11
Let a = 8 + 19. Let n(l) = l**2 + 5*l + 3. Suppose 2*c - 2 = -12. Let k be n(c). Calculate the highest common divisor of a and k.
3
Let g = -35 - -77. Let j be (15/9)/(-5)*-15. Let t = 19 - j. Calculate the highest common factor of g and t.
14
Suppose 0*r + 2 = 2*r. Calculate the greatest common divisor of 10 and r.
1
Let b be (-18)/(-15)*(1 + (-137)/(-3)). Calculate the greatest common divisor of b and 14.
14
Suppose -4*h + h - 9 = 0. Let j = h + 9. Let d be (-1)/3 - (-12)/9. What is the greatest common divisor of d and j?
1
Let x = -6 + 7. Let p be 4/(-10) + (-94)/(-10). What is the greatest common factor of x and p?
1
Let u be (-3 + 2)*-19 - 1. Let k be (8 - 0)*((-63)/6)/(-7). Calculate the highest common factor of k and u.
6
Let k = -83 - -120. What is the greatest common factor of k and 111?
37
Suppose -37 = -3*z + 4*m - 0*m, 4*z - 2*m - 36 = 0. Suppose 42 + 11 = 3*w - 5*b, 5*w - 103 = b. What is the highest common factor of z and w?
7
Suppose 2*l - 2*s = 22, -10 + 110 = 5*l + 4*s. Suppose -l = 2*k - 4*k. What is the highest common divisor of k and 12?
4
Let k = 514 - 214. Suppose -6*q + 36 = 3*q. Suppose -z = q*z - k. Calculate the highest common factor of 12 and z.
12
Suppose 5*b + 4 = 6*b. What is the highest common divisor of 1 and b?
1
Let v(a) = -a + 2. Let c be v(-8). Suppose -3*g - 7 = -2*k, 3*k - g = 8*k - 26. Let z = k - 1. Calculate the greatest common factor of z and c.
2
Let i(w) = 2*w**2 - 12*w - 5. Let d be i(10). Let f(y) = 2*y - 9. Let o be f(6). Suppose -2*j - o*j = -150. Calculate the highest common divisor of d and j.
15
Suppose -v + 66 + 70 = 0. Suppose -3*w + 2*w + 2*s = -v, 564 = 4*w - 3*s. What is the greatest common factor of w and 24?
24
Suppose 4*i - 14 = 90. What is the greatest common factor of 39 and i?
13
Let h(m) = 5*m + 5. Let f be h(4). Suppose w = -b + f, -2*b + 0*b + 3*w + 65 = 0. Calculate the greatest common factor of b and 4.
4
Suppose -j + 5*j = 2*z, -j + 7 = 3*z. Let n(t) = 80 - 3 + 9*t**2 - 10*t**z - t**3. Let w be n(0). What is the greatest common factor of w and 11?
11
Let j be 1/((-3)/24*-2). Suppose j*s - 13 - 63 = -2*o, 26 = s + 4*o. What is the highest common divisor of 126 and s?
18
Let d = 25 - 26. Let o be 68/1*d/(-4). Calculate the highest common divisor of o and 187.
17
Let y(d) = d**3 - d**2 + d. Let j be y(2). Let x(m) = -m - 2. Let t be x(-7). Let n = t - -1. What is the greatest common divisor of j and n?
6
Let o(k) = k**2 + k - 3. Let y be o(-3). Suppose p + 34 = y*p. What is the highest common factor of 34 and p?
17
Suppose 7*t - 61 = -3*q + 3*t, 3*t - 12 = 0. Calculate the greatest common divisor of q and 135.
15
Suppose 49 + 7 = 4*t. Let o be 3/(-1)*(-2)/3. Suppose -4*w = o*j - 3*w - 54, -5*j + 146 = -3*w. Calculate the highest common factor 